{"id":11622,"date":"2024-05-17T16:24:09","date_gmt":"2024-05-17T14:24:09","guid":{"rendered":"https:\/\/dinxperwick.info\/?post_type=tribe_events&#038;p=11622"},"modified":"2024-05-17T16:29:22","modified_gmt":"2024-05-17T14:29:22","slug":"internationale-duo-radtour-fruehlingstour","status":"publish","type":"tribe_events","link":"https:\/\/dinxperwick.info\/de\/event\/internationale-duo-radtour-fruehlingstour\/","title":{"rendered":"Internationale Duo-Radtour \u2013 Fr\u00fchlingstour"},"content":{"rendered":"<p style=\"font-weight: 400;\"><em>Rosi Tuente berichtet:<\/em><\/p>\n<h3 style=\"font-weight: 400;\"><strong>Duo-Fr\u00fchlingsradtour<\/strong><\/h3>\n<p style=\"font-weight: 400;\"><strong>Am Montagnachmittag, 3. Juni k\u00f6nnen sich Einwohner von Dinxperlo, Suderwick und Umgebung f\u00fcr unsere j\u00e4hrliche Fr\u00fchlings-Duo-Radtour anmelden. <\/strong><\/p>\n<p style=\"font-weight: 400;\">Organisation durch 4 Initiatoren: BI Dinxperwick e.V., Estinea, Careaz und Figulus Welzijn. Die internationale Duo-Radtour wird durch das Interreg-Programm Deutschland-Niederlande erm\u00f6glicht und von der Europ\u00e4ischen Union kofinanziert.<\/p>\n<p style=\"font-weight: 400;\">Eine internationale Reise: Daf\u00fcr stellen die Organisationen Duo-Fahrr\u00e4der, Rollstuhlfahrr\u00e4der, ein Tandemfahrrad und ehrenamtliche Helfer zur Verf\u00fcgung.<\/p>\n<p style=\"font-weight: 400;\">Sie k\u00f6nnen sich f\u00fcr die Teilnahme am Duo-Rad anmelden, als Teilnehmer oder mit Ihrem eigenen Fahrrad. Auch das ist m\u00f6glich. Mit Ihrem eigenen Duo-Fahrrad oder Dreirad. Das macht nat\u00fcrlich auch Spa\u00df und ist m\u00f6glich.<\/p>\n<p style=\"font-weight: 400;\">Eine sch\u00f6ne Route wurde geplant, um unsere sch\u00f6ne Grenzregion wieder zu genie\u00dfen. Die Tour ist insgesamt 14 km lang. 2 Runden \u00e0 ca. 6,5 km pro Runde. Wir fahren durch die Niederlande und Deutschland. Nat\u00fcrlich haben wir unterwegs eine Pause f\u00fcr Kaffee\/Tee und etwas Leckeres eingeplant. Das werden wir beim Michaelstreff in Suderwick machen.<\/p>\n<p style=\"font-weight: 400;\"><strong>Wir beginnen um 14 Uhr bei Dr. Jenny, Careaz, Veensgracht 1 in Dinxperlo. Und dort enden wir auch gegen 16:15 Uhr.<\/strong><\/p>\n<p style=\"font-weight: 400;\"><strong>Die Kosten betragen: 3 \u20ac.<\/strong><\/p>\n<p style=\"font-weight: 400;\">Auch ehrenamtliche Verkehrsleiter sind beteiligt zur Sicherung der Kolonne. Wenn Sie also Lust haben, mit dem Duo-Bike oder Rollstuhl-Bike mitzukommen&#8230; dann melden sie sich an! Genie\u00dfen Sie einen sch\u00f6nen Nachmittag drau\u00dfen!<\/p>\n<p style=\"font-weight: 400;\"><strong>Anmeldungen sind bis Mittwoch, 29. Mai 2024, unter folgenden Rufnummern m\u00f6glich:<\/strong><br \/>\nFigulus Welzijn: +31 315 655 282 (Anneke Visser)<br \/>\nDeutsche Teilnehmer: +49 2874 610 (Rosi Tuente)<\/p>\n<p style=\"font-weight: 400;\"><strong>Zus\u00e4tzliche Informationen:<\/strong><br \/>\nDie Tour f\u00fchrt teilweise durch Deutschland. Wir bitten Sie daher um besondere Aufmerksamkeit, indem Sie einen g\u00fcltigen Ausweis mitbringen.<br \/>\nDie Teilnahme erfolgt auf eigenes Risiko.<br \/>\nBei schlechtem Wetter wird die Tour auf Montag, den 24. Juni verschoben.<\/p>\n<h6 style=\"font-weight: 400;\">FotoCopyright: Rosi Tuente \/ Duo-Fietsen<\/h6>\n","protected":false},"excerpt":{"rendered":"<p>Rosi Tuente berichtet: Duo-Fr\u00fchlingsradtour Am Montagnachmittag, 3. Juni k\u00f6nnen sich Einwohner von Dinxperlo, Suderwick und Umgebung f\u00fcr unsere j\u00e4hrliche Fr\u00fchlings-Duo-Radtour anmelden. Organisation durch 4 Initiatoren: BI Dinxperwick e.V., Estinea, Careaz und Figulus Welzijn. Die internationale <a href=\"https:\/\/dinxperwick.info\/de\/event\/internationale-duo-radtour-fruehlingstour\/\"> [&#8230;]<\/a><\/p>\n","protected":false},"author":4,"featured_media":11624,"template":"","meta":{"_tribe_events_status":"","_tribe_events_status_reason":"","footnotes":""},"tags":[],"tribe_events_cat":[100,108,105,98],"class_list":["post-11622","tribe_events","type-tribe_events","status-publish","has-post-thumbnail","hentry","tribe_events_cat-mobilitaet","tribe_events_cat-soziale-einrichtungen","tribe_events_cat-tourismus-freizeit","tribe_events_cat-vereine-organisationen","cat_mobilitaet","cat_soziale-einrichtungen","cat_tourismus-freizeit","cat_vereine-organisationen"],"_links":{"self":[{"href":"https:\/\/dinxperwick.info\/de\/wp-json\/wp\/v2\/tribe_events\/11622","targetHints":{"allow":["GET"]}}],"collection":[{"href":"https:\/\/dinxperwick.info\/de\/wp-json\/wp\/v2\/tribe_events"}],"about":[{"href":"https:\/\/dinxperwick.info\/de\/wp-json\/wp\/v2\/types\/tribe_events"}],"author":[{"embeddable":true,"href":"https:\/\/dinxperwick.info\/de\/wp-json\/wp\/v2\/users\/4"}],"version-history":[{"count":0,"href":"https:\/\/dinxperwick.info\/de\/wp-json\/wp\/v2\/tribe_events\/11622\/revisions"}],"wp:featuredmedia":[{"embeddable":true,"href":"https:\/\/dinxperwick.info\/de\/wp-json\/wp\/v2\/media\/11624"}],"wp:attachment":[{"href":"https:\/\/dinxperwick.info\/de\/wp-json\/wp\/v2\/media?parent=11622"}],"wp:term":[{"taxonomy":"post_tag","embeddable":true,"href":"https:\/\/dinxperwick.info\/de\/wp-json\/wp\/v2\/tags?post=11622"},{"taxonomy":"tribe_events_cat","embeddable":true,"href":"https:\/\/dinxperwick.info\/de\/wp-json\/wp\/v2\/tribe_events_cat?post=11622"}],"curies":[{"name":"wp","href":"https:\/\/api.w.org\/{rel}","templated":true}]}}

Internationale Duo-Radtour – Frühlingstour

<p style="font-weight: 400;"><em>Rosi Tuente berichtet:</em></p>
<h3 style="font-weight: 400;"><strong>Duo-Frühlingsradtour</strong></h3>
<p style="font-weight: 400;"><strong>Am Montagnachmittag, 3. Juni können sich Einwohner von Dinxperlo, Suderwick und Umgebung für unsere jährliche Frühlings-Duo-Radtour anmelden. </strong></p>
<p style="font-weight: 400;">Organisation durch 4 Initiatoren: BI Dinxperwick e.V., Estinea, Careaz und Figulus Welzijn. Die internationale Duo-Radtour wird durch das Interreg-Programm Deutschland-Niederlande ermöglicht und von der Europäischen Union kofinanziert.</p>
<p style="font-weight: 400;">Eine internationale Reise: Dafür stellen die Organisationen Duo-Fahrräder, Rollstuhlfahrräder, ein Tandemfahrrad und ehrenamtliche Helfer zur Verfügung.</p>
<p style="font-weight: 400;">Sie können sich für die Teilnahme am Duo-Rad anmelden, als Teilnehmer oder mit Ihrem eigenen Fahrrad. Auch das ist möglich. Mit Ihrem eigenen Duo-Fahrrad oder Dreirad. Das macht natürlich auch Spaß und ist möglich.</p>
<p style="font-weight: 400;">Eine schöne Route wurde geplant, um unsere schöne Grenzregion wieder zu genießen. Die Tour ist insgesamt 14 km lang. 2 Runden à ca. 6,5 km pro Runde. Wir fahren durch die Niederlande und Deutschland. Natürlich haben wir unterwegs eine Pause für Kaffee/Tee und etwas Leckeres eingeplant. Das werden wir beim Michaelstreff in Suderwick machen.</p>
<p style="font-weight: 400;"><strong>Wir beginnen um 14 Uhr bei Dr. Jenny, Careaz, Veensgracht 1 in Dinxperlo. Und dort enden wir auch gegen 16:15 Uhr.</strong></p>
<p style="font-weight: 400;"><strong>Die Kosten betragen: 3 €.</strong></p>
<p style="font-weight: 400;">Auch ehrenamtliche Verkehrsleiter sind beteiligt zur Sicherung der Kolonne. Wenn Sie also Lust haben, mit dem Duo-Bike oder Rollstuhl-Bike mitzukommen&#8230; dann melden sie sich an! Genießen Sie einen schönen Nachmittag draußen!</p>
<p style="font-weight: 400;"><strong>Anmeldungen sind bis Mittwoch, 29. Mai 2024, unter folgenden Rufnummern möglich:</strong><br />
Figulus Welzijn: +31 315 655 282 (Anneke Visser)<br />
Deutsche Teilnehmer: +49 2874 610 (Rosi Tuente)</p>
<p style="font-weight: 400;"><strong>Zusätzliche Informationen:</strong><br />
Die Tour führt teilweise durch Deutschland. Wir bitten Sie daher um besondere Aufmerksamkeit, indem Sie einen gültigen Ausweis mitbringen.<br />
Die Teilnahme erfolgt auf eigenes Risiko.<br />
Bei schlechtem Wetter wird die Tour auf Montag, den 24. Juni verschoben.</p>
<h6 style="font-weight: 400;">FotoCopyright: Rosi Tuente / Duo-Fietsen</h6>

<p>Rosi Tuente berichtet: Duo-Frühlingsradtour Am Montagnachmittag, 3. Juni können sich Einwohner von Dinxperlo, Suderwick und Umgebung für unsere jährliche Frühlings-Duo-Radtour anmelden. Organisation durch 4 Initiatoren: BI Dinxperwick e.V., Estinea, Careaz und Figulus Welzijn. Die internationale <a href="https://dinxperwick.info/de/event/internationale-duo-radtour-fruehlingstour/"> [&#8230;]</a></p>
